{"id":167,"date":"2024-10-23T10:33:40","date_gmt":"2024-10-23T08:33:40","guid":{"rendered":"https:\/\/www.akademiasandecja.pl\/?page_id=167"},"modified":"2024-10-23T10:35:10","modified_gmt":"2024-10-23T08:35:10","slug":"kadra-u-8","status":"publish","type":"page","link":"https:\/\/www.akademiasandecja.pl\/?page_id=167","title":{"rendered":"Kadra U-8"},"content":{"rendered":"\n<ul class=\"wp-block-list\">\n<li>Basta Igor<\/li>\n\n\n\n<li>Faron Antoni<\/li>\n\n\n\n<li>Gurgul Oliwier<\/li>\n\n\n\n<li>Jawczak Oskar<\/li>\n\n\n\n<li>Kaczmarczyk Franciszek<\/li>\n\n\n\n<li>Konieczny Antoni<\/li>\n\n\n\n<li>Krysiak Jeremi<\/li>\n\n\n\n<li>Kubiela Wiktor<\/li>\n\n\n\n<li>Ma\u0142kowiak Franciszek<\/li>\n\n\n\n<li>Michalik Leon<\/li>\n\n\n\n<li>Pola\u0144ski Julian<\/li>\n\n\n\n<li>Por\u0119ba Olaf<\/li>\n\n\n\n<li>Rusnarczyk Eryk<\/li>\n\n\n\n<li>Stelmach Bartosz<\/li>\n\n\n\n<li>Surowiak Szymon<\/li>\n\n\n\n<li>S\u0142omka Kacper<\/li>\n\n\n\n<li>Walig\u00f3ra Leon<\/li>\n\n\n\n<li>\u0141ysie\u0144 Mi\u0142osz<\/li>\n<\/ul>\n\n\n\n<p class=\"has-text-align-center has-large-font-size\"><strong>SZTAB SZKOLENIOWY<\/strong><\/p>\n\n\n\n<div class=\"wp-block-columns is-layout-flex wp-container-core-columns-is-layout-28f84493 wp-block-columns-is-layout-flex\">\n<div class=\"wp-block-column is-layout-flow wp-block-column-is-layout-flow\"><\/div>\n\n\n\n<div class=\"wp-block-column is-layout-flow wp-block-column-is-layout-flow\"><\/div>\n<\/div>\n\n\n\n<p class=\"has-text-align-center\"><\/p>\n\n\n\n<div class=\"wp-block-columns is-layout-flex wp-container-core-columns-is-layout-28f84493 wp-block-columns-is-layout-flex\">\n<div class=\"wp-block-column is-layout-flow wp-block-column-is-layout-flow\">\n<p class=\"has-text-align-center\"><strong>BART\u0141OMIEJ CISOWSKI<\/strong><\/p>\n<\/div>\n\n\n\n<div class=\"wp-block-column is-layout-flow wp-block-column-is-layout-flow\"><\/div>\n<\/div>\n\n\n\n<p><\/p>\n","protected":false},"excerpt":{"rendered":"<p>SZTAB SZKOLENIOWY BART\u0141OMIEJ CISOWSKI<\/p>\n","protected":false},"author":1,"featured_media":0,"parent":0,"menu_order":0,"comment_status":"closed","ping_status":"closed","template":"","meta":{"footnotes":""},"class_list":["post-167","page","type-page","status-publish","hentry"],"_links":{"self":[{"href":"https:\/\/www.akademiasandecja.pl\/index.php?rest_route=\/wp\/v2\/pages\/167","targetHints":{"allow":["GET"]}}],"collection":[{"href":"https:\/\/www.akademiasandecja.pl\/index.php?rest_route=\/wp\/v2\/pages"}],"about":[{"href":"https:\/\/www.akademiasandecja.pl\/index.php?rest_route=\/wp\/v2\/types\/page"}],"author":[{"embeddable":true,"href":"https:\/\/www.akademiasandecja.pl\/index.php?rest_route=\/wp\/v2\/users\/1"}],"replies":[{"embeddable":true,"href":"https:\/\/www.akademiasandecja.pl\/index.php?rest_route=%2Fwp%2Fv2%2Fcomments&post=167"}],"version-history":[{"count":2,"href":"https:\/\/www.akademiasandecja.pl\/index.php?rest_route=\/wp\/v2\/pages\/167\/revisions"}],"predecessor-version":[{"id":170,"href":"https:\/\/www.akademiasandecja.pl\/index.php?rest_route=\/wp\/v2\/pages\/167\/revisions\/170"}],"wp:attachment":[{"href":"https:\/\/www.akademiasandecja.pl\/index.php?rest_route=%2Fwp%2Fv2%2Fmedia&parent=167"}],"curies":[{"name":"wp","href":"https:\/\/api.w.org\/{rel}","templated":true}]}}